 and 6920.
6920
Calculate the highest common divisor of 897 and 79939743.
897
What is the highest common factor of 52442254 and 368?
46
Calculate the highest common factor of 393 and 241546839.
393
What is the highest common divisor of 51888 and 9271032?
1128
Calculate the greatest common factor of 383591 and 46189.
247
What is the greatest common factor of 9100 and 36183875?
2275
Calculate the highest common factor of 26 and 81882346.
26
Calculate the greatest common divisor of 2359863 and 848331.
1089
What is the greatest common divisor of 46747844 and 1716?
572
Calculate the highest common divisor of 855 and 312316281.
171
What is the greatest common divisor of 3060 and 6807820?
340
What is the highest common factor of 5462342 and 1094?
1094
What is the greatest common factor of 18449696 and 80?
16
Calculate the greatest common divisor of 26105 and 863305.
115
What is the greatest common factor of 293576761 and 23?
23
What is the greatest common divisor of 93128 and 623?
7
What is the highest common divisor of 358 and 45756338?
358
What is the greatest common factor of 20343 and 319?
1
What is the greatest common divisor of 13064 and 13731897?
1633
Calculate the highest common factor of 40542 and 5775138.
1398
Calculate the greatest common divisor of 3086 and 15172319.
1543
Calculate the highest common factor of 423526786 and 568.
142
Calculate the highest common divisor of 330 and 2413070.
110
Calculate the greatest common divisor of 33738 and 29154.
6
What is the greatest common factor of 26166 and 1633758?
294
What is the greatest common divisor of 2080 and 969455?
5
Calculate the highest common factor of 386 and 2418393062.
386
What is the greatest common factor of 14481 and 1399401?
9
What is the greatest common divisor of 2069781 and 3360?
21
What is the highest common factor of 10316 and 85900?
4
What is the greatest common factor of 487591137 and 11?
11
What is the greatest common factor of 44051 and 510139?
1421
What is the greatest common divisor of 6357 and 126980586?
489
What is the greatest common divisor of 11596620 and 420?
420
What is the highest common divisor of 6224 and 6844?
4
What is the greatest common factor of 125022862 and 323?
17
What is the greatest common factor of 70737506 and 28?
14
Calculate the highest common factor of 69781116 and 12.
12
What is the greatest common factor of 692833760 and 320?
160
What is the greatest common factor of 39600 and 1906542?
198
What is the highest common divisor of 165750 and 1834742?
442
What is the greatest common divisor of 19953 and 29781?
27
What is the greatest common divisor of 292575059 and 7?
7
What is the highest common factor of 190752 and 30784?
32
Calculate the greatest common factor of 79377340 and 20433.
973
What is the greatest common divisor of 154 and 1508654?
14
What is the highest common factor of 225 and 1835550?
225
What is the greatest common divisor of 70667180 and 160?
20
Calculate the greatest common factor of 1800 and 1541825.
25
Calculate the greatest common divisor of 28448113 and 955.
191
What is the highest common factor of 196 and 1099468?
4
Calculate the greatest common divisor of 280 and 3635660.
140
Calculate the highest common factor of 50351758 and 1034.
94
What is the highest common divisor of 192929025 and 7461?
2487
What is the greatest common divisor of 4576 and 16292848?
2288
What is the highest common factor of 11220 and 15972?
132
Calculate the highest common divisor of 8351525 and 11375.
2275
What is the highest common divisor of 123603623 and 143?
143
What is the greatest common divisor of 3585 and 53772610?
1195
Calculate the highest common divisor of 251335 and 26488.
301
What is the greatest common factor of 80 and 17731952?
16
What is the greatest common divisor of 2944 and 61276?
4
Calculate the highest common factor of 202050 and 3015.
45
Calculate the greatest common divisor of 22570 and 1490230.
610
What is the greatest common factor of 1132 and 226151243?
283
Calculate the greatest common divisor of 1085948 and 348.
4
Calculate the highest common factor of 2401 and 302722.
49
Calculate the highest common factor of 80 and 9555848.
8
What is the greatest common factor of 8027037 and 63?
9
Calculate the greatest common factor of 4137613 and 2085.
139
What is the greatest common divisor of 10700890 and 1550?
310
Calculate the highest common factor of 5722 and 321456238.
5722
Calculate the highest common divisor of 2758 and 181860.
14
Calculate the greatest common factor of 12080 and 42202235.
755
What is the greatest common factor of 43384694 and 11804?
454
What is the greatest common divisor of 44383724 and 308?
308
Calculate the greatest common factor of 15171300 and 16000.
100
Calculate the greatest common divisor of 107203400 and 300.
100
What is the greatest common divisor of 308451 and 43186?
143
What is the greatest common factor of 266667 and 5974?
103
Calculate the greatest common factor of 65 and 17833955.
5
Calculate the greatest common factor of 5444 and 576014669.
1361
Calculate the greatest common factor of 1117402 and 1586.
26
Calculate the highest common divisor of 1213434 and 2369.
23
Calculate the highest common divisor of 140630 and 8918.
686
Calculate the greatest common factor of 5400 and 230256.
216
What is the highest common divisor of 12632 and 207992?
8
Calculate the highest common divisor of 1333 and 295042221.
1333
What is the greatest common divisor of 76563255 and 1425?
285
What is the highest common divisor of 4833 and 651321?
27
Calculate the highest common divisor of 27 and 77336163.
9
What is the greatest common factor of 1364200 and 1475?
25
Calculate the greatest common factor of 3570182 and 1043713.
2629
Calculate the greatest common divisor of 1118582 and 3.
1
What is the highest common divisor of 18666 and 339201?
153
Calculate the greatest common divisor of 89944173 and 396.
99
What is the highest common factor of 296208 and 872?
8
Calculate the highest common divisor of 189350259 and 1335.
267
What is the highest common divisor of 4 and 326867704?
4
What is the highest common factor of 88816 and 134078?
854
What is the greatest common factor of 992250 and 21870?
810
What is the highest common factor of 765944325 and 225?
225
What is the greatest common divisor of 3203164 and 4?
4
What is the highest common factor of 137 and 93423862?
137
What is the greatest common divisor of 66229184 and 64?
64
What is the highest common factor of 100579 and 15985?
23
What is the greatest common divisor of 467499102 and 147?
147
What is the greatest common divisor of 18816712 and 20360?
4072
Calculate the greatest common factor of 101460 and 36480.
1140
Calculate the highest common factor of 1666225 and 9855.
365
Calculate the greatest common divisor of 74400 and 2885700.
300
What is the greatest common divisor of 806904 and 14644?
28
Calculate the highest common factor of 2871 and 134973.
9
Calculate the greatest common factor of 32 and 232565064.
8
What is the highest common divisor of 728761 and 5041223?
7513
Calculate the highest common factor of 8 and 7201688.
8
Calculate the highest common factor of 136880874 and 657126.
15282
Calculate the greatest common factor of 1512298 and 2.
2
Calculate the highest common factor of 5920 and 924080.
80
What is the highest common factor of 7158876 and 12?
12
Calculate the greatest common divisor of 397590 and 264045.
435
What is the highest common factor of 381982 and 2927268?
3782
What is the highest common divisor of 4294 and 3456438124?
4294
Calculate the greatest common factor of 305167 and 81089.
619
What is the greatest common factor of 100 and 77019?
1
Calculate the greatest common divisor of 38233 and 7925476.
2249
Calculate the highest common factor of 57 and 547476887.
19
Calculate the greatest common divisor of 2394 and 35511.
399
Calculate the highest common divisor of 377 and 47758679.
29
What is the greatest common factor of 13186125 and 250?
125
Calculate the greatest common factor of 15444 and 3740958.
702
Calculate the highest common factor of 319685643 and 27.
27
What is the greatest common factor of 4350570 and 555?
15
Calculate the highest common divisor of 222028620 and 80.
20
Calculate the greatest common factor of 689940 and 1452707.
